d. Let c(q) = 14*q**3 - 9*q**2 - q - 5. Let m(x) = -5*x**3 + 3*x**2 + 2. Let l(w) = 4*c(w) + 11*m(w). Determine l(s).
2
Let r(m) = -55*m**2 - m + 2*m**3 - m**3 + 51*m**2. Determine r(5).
20
Suppose 0 = -s + 3*g + g + 3, 0 = s - g - 3. Let i(w) = 3*w - 3 - 5*w - s*w. Let h(b) = b**3 - 21*b**2 - 43*b - 72. Let x be h(23). Give i(x).
12
Let p = -1092 - -1093. Let q(d) = -3*d**2 - 5*d + 1. Let k(x) = -4*x**2 - 4*x + 1. Let t(i) = -4*k(i) + 3*q(i). What is t(p)?
7
Let d(w) = 2*w**3 + w**2 + w - 2. Let z be 19/(399/14)*3. Give d(z).
20
Let a(d) = -8*d + 19. Let h(j) = 11*j - 28. Let b(o) = -7*a(o) - 5*h(o). Give b(6).
13
Let t(i) = -51*i - 301. Let r be t(-6). Let g(w) = -2 - 5*w + 6*w + 3. Give g(r).
6
Let i(o) = o**2 + 5*o + 7. Let v(c) = c**2 - 11*c - 10. Let q be v(12). Suppose 2*k + 5*d - q = -k, 3*k + 38 = 5*d. Give i(k).
13
Let t(v) = 36515 - 6*v + 10*v - 36510 - v**2. Suppose -5*q + 24 + 6 = 0. Determine t(q).
-7
Let y(t) = -t + 17. Let r be y(8). Let l = -5 + r. Let b(u) = -l*u - u + 7*u - 1 - 3*u + u**2 + 10*u**3. Determine b(-1).
-9
Let t(r) = 24*r**2 + 8*r + 5. Let u(m) = -8*m**2 - 3*m - 2. Let p(s) = 4*t(s) + 11*u(s). What is p(-1)?
7
Let x = -31 + 33. Let t(c) = -2 + 0*c**2 - 3*c + 0*c**x - 3*c**2 + 2*c**2. Calculate t(-4).
-6
Let c(i) = -i**2 + 5*i - 2. Let t(s) = s + 21 + 15 - 35. Let w be t(9). Let d = w + -7. What is c(d)?
4
Let q(w) = 12*w + 1. Suppose -2*x = 5*s + 4, -2*x + 28 = -4*s + 32. Calculate q(x).
-23
Let c(g) = -10*g + 0 + 9 + 14*g - 3 - 11*g - g**3 + 4*g**2. Calculate c(4).
-22
Let p(j) = j**2 + j. Let x(o) = -2*o**2 + 32*o + 6. Let z be x(16). Let i(a) = 5*a**2 + 7*a. Let y be 6/9 + (-10)/6. Let v(d) = y*i(d) + z*p(d). Determine v(0).
0
Let f(v) = -v - 25. Let x be ((-7)/2)/(5/10). Let q(a) = a + 17. Let u(t) = x*q(t) - 5*f(t). Let y be 9/(-2)*12/(-9). Calculate u(y).
-6
Suppose 17 = -3*l + 2. Let v(d) = -d**2 - 4*d + 7. Let a be v(l). Let k(u) = 2*u + 5*u**3 - 17*u**2 + 39*u**2 - 7*u**3 - 22*u**2. Calculate k(a).
-12
Let n(c) = -5 - 5*c**2 - c**2 + 5*c**2 + 7*c. Suppose 4*r = 3 + 21. Give n(r).
1
Let x(q) = -4*q**2 - q - 2. Suppose 0 = -4*w + 12, -7*j + 2*w = -5*j + 8. Calculate x(j).
-5
Let i(n) = -n**3 - 3*n**2 - 2*n - 3. Suppose -4*c + 3*z = -101, 2*c - 5*z - 99 = -2*c. Let p = 24 - c. Calculate i(p).
-3
Let t be (12/9)/(-2) - (-260)/3. Let d = t + -83. Let f(z) be the third derivative of -z**5/60 + z**3/3 + z**2. What is f(d)?
-7
Let i(o) = o**3 - 6*o**2 - 9*o + 5. Let v = -51 - -77. Let z = -19 + v. What is i(z)?
-9
Let t(d) = 4*d**3 + d**2 + 2*d + 2. Let o be t(-1). Let h(q) = -q + 1 + 17*q - 18*q + 1. What is h(o)?
8
Let s = -6 + 8. Suppose s + 10 = 5*p - 2*w, -5*w = -5*p. Let a be (-2)/p*(0 - 6). Let v(g) = -g + 5. Determine v(a).
2
Let n(j) = j. Let v be (2/(-4))/((-1)/4). Let s be (-4)/(-4 + v) + 9. Suppose -3*y + 12 = 5*t, -4*y + 0*t - 5*t + s = 0. Determine n(y).
-1
Let p(k) = -19*k**3 - 2*k**2 + 1. Let n = -65 + 67. Suppose 0 = -2*z + n - 4. What is p(z)?
18
Let a(w) be the third derivative of w**5/60 - w**4/24 + w**3/2 + 2*w**2. Let x = 255 - 368. Let f = x + 116. Determine a(f).
9
Let y(u) = 665 - 1306 + 629 - u. What is y(-6)?
-6
Let p(b) be the second derivative of 0 + 1/12*b**4 + 1/3*b**3 + 13*b + 2*b**2. Give p(-4).
12
Let g(y) be the third derivative of 0*y + 8*y**2 - 1/24*y**4 + 0 - 2/3*y**3. Calculate g(-5).
1
Let j be (-1)/4 - 1/(-4). Let g(m) = 11*m**2 - 3*m - 31. Let x(l) = 4*l**2 - l - 11. Let y(w) = -3*g(w) + 8*x(w). What is y(j)?
5
Let a(o) = -12*o**2 + 2*o + 4*o + 2 + 13*o**2 - 2*o. Suppose 0 = -f - 2*f - 12. Let l = f + 1. What is a(l)?
-1
Let s be (-4)/(-10) - (-81)/(-15). Let f = -7 - s. Let t(d) be the first derivative of d**4/4 + 2*d**3/3 + 3*d**2/2 + 8. Calculate t(f).
-6
Let l(h) = 2*h**2 - 2*h + 15. Let q(f) = -f**2 + f - 1. Let g = 11 - 10. Let k(d) = g*l(d) + 3*q(d). What is k(0)?
12
Let p(i) = 27*i**2 + 7*i + 12. Let y(k) = -23*k**2 - 7*k - 10. Let l(f) = 6*p(f) + 7*y(f). Determine l(7).
2
Let z(u) = u**2 + 45*u + 157. Let o be z(-4). Let j(r) = r - 1. Determine j(o).
-8
Let n = 1465 + -1469. Let t(s) = -s**2 - 5*s + 9. Determine t(n).
13
Let h(l) be the third derivative of -4 + 2*l**2 + 1/2*l**3 + 1/24*l**4 + 0*l. Give h(7).
10
Let s(z) = 6*z**3 + z. Let a(t) = -5*t**3 - t**2 + 1. Let h(w) = -w. Let p be h(-3). Suppose -f + p = 9. Let l(j) = f*s(j) - 7*a(j). Determine l(6).
-7
Let p(h) = h - 6. Let z(y) = y - 5. Let k(d) = d**2 - 16*d + 22. Let s be k(15). Let b be z(s). Suppose b*c - 7*c = 0. Give p(c).
-6
Suppose 14 - 2 = 2*r. Let k(f) be the first derivative of f**3/3 - 7*f**2/2 - 6*f - 86. Calculate k(r).
-12
Let o(m) = -m**2 - 7*m + 70. Let l be o(-12). Suppose -l*i = i - 22. Let c(q) = -3*q**3 + 2*q**2 + 1. What is c(i)?
-15
Suppose -2*k = 0, f - 3*k = -7*k + 6. Suppose -v + 2*v + f = -3*s, 5*s = -3*v - 6. Let i(r) = 2*r - v*r + r**2 - 2*r - 1. Determine i(2).
-3
Let g(a) be the first derivative of -a**4/4 - 5*a**3/3 - 7*a**2/2 - 2*a - 99. Calculate g(-5).
33
Suppose 3 + 1 = 2*q. Let c(d) = q + d + 4*d - d - d. Let n = 8 + -11. Determine c(n).
-7
Let d(f) = -1. Let k(m) = -m - 7. Suppose b = -u - 0*b - 13, -2*u + 4*b - 56 = 0. Let h(o) = 9*o - 7. Let n be h(1). Let x(y) = n*k(y) + u*d(y). Determine x(4).
-4
Let h(k) = -3*k**2 + 1. Let u(q) = -7*q**2 - q + 3. Let b(w) = -5*h(w) + 2*u(w). Calculate b(3).
4
Let f(s) be the second derivative of -s**5/10 + s**4/6 - s**3/3 - 3*s**2/2 - 16*s. Calculate f(-2).
25
Let u(t) = -4*t - 1. Let d(n) = 3*n - 9. Let r be d(4). Suppose 14 = -z - 5*g, 3*z + 9 = -5*g - r. Give u(z).
-5
Let r(z) = 3*z**2 + z + 1. Let v be 4 - ((-111)/(-18) - (-2)/(-12)). Calculate r(v).
11
Let x(z) = -23*z - 30. Let f(w) = -7*w - 11. Let u(n) = -7*f(n) + 2*x(n). Calculate u(-8).
-7
Let h(l) = 13 - 1481*l**2 + 0 + 740*l**2 + 10*l + 739*l**2 - 2. Give h(6).
-1
Suppose -27 = -2*r - 13. Let b(x) = 2*x - 15*x + 5*x + r*x - 4. Determine b(-8).
4
Let f(d) = 3*d - 2. Let g = -18 - -26. Suppose l + 0*l = 2*j, -j + 4*l = 0. Suppose -v = -3*p + 9, j = 5*v + 7 + g. What is f(p)?
4
Suppose 19*q = 17*q + 4. Let s(m) = 4*m - 1 + 0*m**2 + 4*m**2 + m**2 - 4*m**q. Calculate s(-6).
11
Let k(i) = -1343*i + 673*i + 673*i - 6. Give k(-6).
-24
Let d(p) = -14*p + 27. Let t(r) = -r - 2. Let o be t(-6). Let m(j) = -67*j + 137*j - 65*j - 9. Let n(f) = o*d(f) + 11*m(f). Determine n(0).
9
Let y(g) = -46484*g + 46484*g - 27 + g**2. Give y(0).
-27
Let n(g) = -7*g - 6. Let w(i) = -3*i - 3. Let q(x) = -2*n(x) + 5*w(x). Let y be (67 - 67)/((-12)/4 + 2). Determine q(y).
-3
Let f = 37 - 25. Suppose x - 4*j + 5 = f, 3*x - 14 = 5*j. Let y(c) = -7*c + 0*c**3 - 5*c**2 - 2*c**3 - x - 1 + 3*c**3. Determine y(6).
-10
Let g(b) = 5*b**2 - 65*b - 6. Let q be g(13). Let i(f) = -f**3 - 6*f**2 + f + 7. Give i(q).
1
Let a(u) = -u**3 - 3*u**2 + 5*u + 1. Let d = -4 + 6. Suppose 5*q = -4*o + 23 + 3, -3*o = 4*q - 21. Let m = d - q. Determine a(m).
-3
Let x(p) = -3*p**2 + p + 1. Let s = 23 + -139. Let l = s + 114. Determine x(l).
-13
Let x be (-6)/36 + 70/(-12). Let q be 4 + (0 + 1)/1. Let n(r) = 4*r + 2*r + 6 - q*r. Determine n(x).
0
Let r(f) = 37 - 38 + f + f**3 + 0*f**3. Let a(b) = -b**3 - 7*b**2 - b - 4. Let h be a(-7). Suppose 0 = 2*n - 4*q - 10, h = 3*n - 8*n - 4*q. Give r(n).
1
Let y(m) = -2*m**2 - 6*m**2 + 0*m**2 - 8*m**2. What is y(1)?
-16
Let r(u) = -u**2 + 13*u - 35. Suppose -n - 2*n + c + 28 = 0, 3*n - 20 = -c. Give r(n).
5
Let b(c) = c**2 + 8*c + 9. Let w be b(-8). Let p(h) = 2*h - 4. Calculate p(w).
14
Let x = 20 - 17. Suppose -15 = x*b + 5*d, 2*b + 3*d + 9 = -b. Let o = b + 5. Let k(v) = -v**3 + 6*v**2 - 6*v + 5. Determine k(o).
0
Let r(v) = -v**2 + v + 15. Let g be (-5 - 10/25) + 6/15. Calculate r(g).
-15
Let v = 15 + -12. Let a be 26/6 - 1/v. Suppose 2*p = -5*c + 16, -5*c + a*p - 2 = -0. Let w(i) = -2*i**2 - 2. Calculate w(c).
-10
Let x(u) be the second derivative of u**3/6 - 7*u**2 + 3*u + 33. What is x(11)?
-3
Let x(o) be the first derivative of o**6/180 - o**5/30 + o**4/6 - 2*o**3 + 14. Let w(g) be the third derivative of x(g). Calculate w(3).
10
Let n(h) = 9*h + 2. Let a(r) be the second derivative of -r**4/12 - 4*r**3/3 - r**2 - 21*r. Let o be a(-8). Determine n(o).
-16
Let x = -1277 - -1275. Let k(q) = -5*q - 4. Determine k(x).
6
Let r(u) be the third derivative of 2*u**2 + 0 - 1/12*u*